{"id":3376,"date":"2023-11-13T05:43:59","date_gmt":"2023-11-13T04:43:59","guid":{"rendered":"https:\/\/amis-letanglaville.org\/?page_id=3376"},"modified":"2024-10-27T11:32:37","modified_gmt":"2024-10-27T10:32:37","slug":"bulletins-1-et-2","status":"publish","type":"page","link":"https:\/\/amis-letanglaville.org\/?page_id=3376","title":{"rendered":"Bulletins 1 et 2"},"content":{"rendered":"\t\t<div data-elementor-type=\"wp-page\" data-elementor-id=\"3376\" class=\"elementor elementor-3376\" data-elementor-post-type=\"page\">\n\t\t\t\t\t\t<section class=\"elementor-section elementor-top-section elementor-element elementor-element-6bd50c9 elementor-section-boxed elementor-section-height-default elementor-section-height-default\" data-id=\"6bd50c9\" data-element_type=\"section\" data-e-type=\"section\">\n\t\t\t\t\t\t<div class=\"elementor-container elementor-column-gap-default\">\n\t\t\t\t\t<div class=\"elementor-column elementor-col-100 elementor-top-column elementor-element elementor-element-2fc9059\" data-id=\"2fc9059\" data-element_type=\"column\" data-e-type=\"column\">\n\t\t\t<div class=\"elementor-widget-wrap elementor-element-populated\">\n\t\t\t\t\t\t<div class=\"elementor-element elementor-element-ee03e64 elementor-widget elementor-widget-heading\" data-id=\"ee03e64\" data-element_type=\"widget\" data-e-type=\"widget\" data-widget_type=\"heading.default\">\n\t\t\t\t<div class=\"elementor-widget-container\">\n\t\t\t\t\t<h2 class=\"elementor-heading-title elementor-size-default\">Les premiers bulletins<\/h2>\t\t\t\t<\/div>\n\t\t\t\t<\/div>\n\t\t\t\t\t<\/div>\n\t\t<\/div>\n\t\t\t\t\t<\/div>\n\t\t<\/section>\n\t\t\t\t<section class=\"elementor-section elementor-top-section elementor-element elementor-element-634f788 elementor-section-boxed elementor-section-height-default elementor-section-height-default\" data-id=\"634f788\" data-element_type=\"section\" data-e-type=\"section\">\n\t\t\t\t\t\t<div class=\"elementor-container elementor-column-gap-default\">\n\t\t\t\t\t<div class=\"elementor-column elementor-col-50 elementor-top-column elementor-element elementor-element-380e4af\" data-id=\"380e4af\" data-element_type=\"column\" data-e-type=\"column\">\n\t\t\t<div class=\"elementor-widget-wrap elementor-element-populated\">\n\t\t\t\t\t\t<div class=\"elementor-element elementor-element-20790b8 elementor-view-default elementor-widget elementor-widget-icon\" data-id=\"20790b8\" data-element_type=\"widget\" data-e-type=\"widget\" data-widget_type=\"icon.default\">\n\t\t\t\t<div class=\"elementor-widget-container\">\n\t\t\t\t\t\t\t<div class=\"elementor-icon-wrapper\">\n\t\t\t<a class=\"elementor-icon\" href=\"https:\/\/amis-letanglaville.org\/wp-content\/uploads\/2023\/11\/Bulletin-N\u00b01-1960.pdf\">\n\t\t\t<i aria-hidden=\"true\" class=\"far fa-newspaper\"><\/i>\t\t\t<\/a>\n\t\t<\/div>\n\t\t\t\t\t\t<\/div>\n\t\t\t\t<\/div>\n\t\t\t\t<div class=\"elementor-element elementor-element-0d900c7 elementor-widget elementor-widget-heading\" data-id=\"0d900c7\" data-element_type=\"widget\" data-e-type=\"widget\" data-widget_type=\"heading.default\">\n\t\t\t\t<div class=\"elementor-widget-container\">\n\t\t\t\t\t<h6 class=\"elementor-heading-title elementor-size-default\">Bulletin 1<\/h6>\t\t\t\t<\/div>\n\t\t\t\t<\/div>\n\t\t\t\t\t<\/div>\n\t\t<\/div>\n\t\t\t\t<div class=\"elementor-column elementor-col-50 elementor-top-column elementor-element elementor-element-2c1871f\" data-id=\"2c1871f\" data-element_type=\"column\" data-e-type=\"column\">\n\t\t\t<div class=\"elementor-widget-wrap elementor-element-populated\">\n\t\t\t\t\t\t<div class=\"elementor-element elementor-element-13fa2bc elementor-view-default elementor-widget elementor-widget-icon\" data-id=\"13fa2bc\" data-element_type=\"widget\" data-e-type=\"widget\" data-widget_type=\"icon.default\">\n\t\t\t\t<div class=\"elementor-widget-container\">\n\t\t\t\t\t\t\t<div class=\"elementor-icon-wrapper\">\n\t\t\t<a class=\"elementor-icon\" href=\"https:\/\/amis-letanglaville.org\/wp-content\/uploads\/2023\/11\/Bull-Amis-N\u00b02.pdf\">\n\t\t\t<i aria-hidden=\"true\" class=\"far fa-newspaper\"><\/i>\t\t\t<\/a>\n\t\t<\/div>\n\t\t\t\t\t\t<\/div>\n\t\t\t\t<\/div>\n\t\t\t\t<div class=\"elementor-element elementor-element-076934f elementor-widget elementor-widget-heading\" data-id=\"076934f\" data-element_type=\"widget\" data-e-type=\"widget\" data-widget_type=\"heading.default\">\n\t\t\t\t<div class=\"elementor-widget-container\">\n\t\t\t\t\t<h6 class=\"elementor-heading-title elementor-size-default\">Bulletin 2<\/h6>\t\t\t\t<\/div>\n\t\t\t\t<\/div>\n\t\t\t\t\t<\/div>\n\t\t<\/div>\n\t\t\t\t\t<\/div>\n\t\t<\/section>\n\t\t\t\t<\/div>\n\t\t","protected":false},"excerpt":{"rendered":"<p>Les premiers bulletins Bulletin 1 Bulletin 2<\/p>\n","protected":false},"author":1,"featured_media":0,"parent":0,"menu_order":0,"comment_status":"closed","ping_status":"closed","template":"","meta":{"_angie_page":false,"ngg_post_thumbnail":0,"jetpack_post_was_ever_published":false,"footnotes":""},"class_list":["post-3376","page","type-page","status-publish","hentry"],"jetpack_sharing_enabled":true,"jetpack_shortlink":"https:\/\/wp.me\/PaCZch-Ss","jetpack-related-posts":[{"id":3587,"url":"https:\/\/amis-letanglaville.org\/?page_id=3587","url_meta":{"origin":3376,"position":0},"title":"BULLETINS","author":"admin7235","date":"28 mai 2024","format":false,"excerpt":"BULLETINS Un exemplaire de chaque \u00a0bulletin publi\u00e9 par l'Association est d\u00e9pos\u00e9 \u00e0 la BNF.Sur le site, ne sont publi\u00e9s que les bulletins des 10 derni\u00e8res ann\u00e9es, toutefois un exemplaire papier de chaque bulletin est conserv\u00e9 \u00e0 l'AssociationBulletins 2015 \u00e0 2019 Bulletin 116 Bulletin 117 Bulletin 118 Bulletin 119 Bulletin 120\u2026","rel":"","context":"Article similaire","block_context":{"text":"Article similaire","link":""},"img":{"alt_text":"","src":"","width":0,"height":0},"classes":[]},{"id":3496,"url":"https:\/\/amis-letanglaville.org\/?page_id=3496","url_meta":{"origin":3376,"position":1},"title":"ARCHIVES 2023","author":"admin7235","date":"22 f\u00e9vrier 2024","format":false,"excerpt":"CommunicationBulletins : 2 bulletins (131 et 132) ont \u00e9t\u00e9 publi\u00e9s.Mails de la vice-pr\u00e9sidente qui vous tient au courant de multiples activit\u00e9sManifestations culturellesAu mois de juin les artistes de l'Etang la Ville ont ouvert leurs porte.En novembre ont eu lieu :- Le 53\u00e8me Salon des Arts- Le 12\u00e8me Salon des Cr\u00e9ateursAutres\u2026","rel":"","context":"Article similaire","block_context":{"text":"Article similaire","link":""},"img":{"alt_text":"","src":"https:\/\/i0.wp.com\/amis-letanglaville.org\/wp-content\/uploads\/2024\/02\/Archive-205x300.webp?resize=350%2C200&ssl=1","width":350,"height":200},"classes":[]},{"id":3328,"url":"https:\/\/amis-letanglaville.org\/?page_id=3328","url_meta":{"origin":3376,"position":2},"title":"ACTIVITES","author":"admin7235","date":"10 septembre 2023","format":false,"excerpt":"DEFENSE DE L'ENVIRONNEMENTDepuis sa cr\u00e9ation en juillet 1960, l'Association a consacr\u00e9 son \u00e9nergie et ses ressources \u00e0 prot\u00e9ger le cadre de vie, l'environnement et le patrimoine de l'Etang la Ville. Le premier combat fut la d\u00e9fense du Ch\u00e2teau contre l'avidit\u00e9 du promoteur de la r\u00e9sidence du Parc qui voulait le\u2026","rel":"","context":"Article similaire","block_context":{"text":"Article similaire","link":""},"img":{"alt_text":"","src":"","width":0,"height":0},"classes":[]},{"id":260,"url":"https:\/\/amis-letanglaville.org\/?page_id=260","url_meta":{"origin":3376,"position":3},"title":"Documentation","author":"admin7235","date":"6 d\u00e9cembre 2018","format":false,"excerpt":"DOCUMENTATION LES BULLETINS CARTES POSTALES HISTORIQUES COLLECTIONS LES PRODUITS LIENS EXTERNES LES AMIS DE LA FORET DE ST GERMAIN LA COMMUNAUTE D'AGGLOMERATION LA MAIRIE DE L'ETANG LA VILLE LE CANARD DE L'ETANG ONF FORET DE MARLY WWW.ARBRES.ORG CADEB JADE","rel":"","context":"Article similaire","block_context":{"text":"Article similaire","link":""},"img":{"alt_text":"","src":"","width":0,"height":0},"classes":[]},{"id":279,"url":"https:\/\/amis-letanglaville.org\/?page_id=279","url_meta":{"origin":3376,"position":4},"title":"Adh\u00e9sion &#038; Contact","author":"admin7235","date":"7 d\u00e9cembre 2018","format":false,"excerpt":"ADHESION ET CONTACT ADHESIOND\u00e9ductibilit\u00e9 fiscaleDans le Bulletin N\u00b0130 nous avons annonc\u00e9 la d\u00e9ductibilit\u00e9 fiscale des cotisations et des dons.Les cotisations sont annuelles et donnent la qualit\u00e9 de membre et le droit de vote \u00e0 l'Assembl\u00e9e G\u00e9n\u00e9rale pour les membres en r\u00e8gle de cotisation.Les dons sont des contributions volontaires de soutien.\u2026","rel":"","context":"Article similaire","block_context":{"text":"Article similaire","link":""},"img":{"alt_text":"","src":"https:\/\/i0.wp.com\/amis-letanglaville.org\/wp-content\/uploads\/2023\/05\/ELV-1-1024x572.webp?resize=350%2C200&ssl=1","width":350,"height":200,"srcset":"https:\/\/i0.wp.com\/amis-letanglaville.org\/wp-content\/uploads\/2023\/05\/ELV-1-1024x572.webp?resize=350%2C200&ssl=1 1x, https:\/\/i0.wp.com\/amis-letanglaville.org\/wp-content\/uploads\/2023\/05\/ELV-1-1024x572.webp?resize=525%2C300&ssl=1 1.5x, https:\/\/i0.wp.com\/amis-letanglaville.org\/wp-content\/uploads\/2023\/05\/ELV-1-1024x572.webp?resize=700%2C400&ssl=1 2x"},"classes":[]},{"id":913,"url":"https:\/\/amis-letanglaville.org\/?page_id=913","url_meta":{"origin":3376,"position":5},"title":"Les Trains et le Tram 13","author":"admin7235","date":"2 mai 2019","format":false,"excerpt":"La 1\u00e8re ligne de chemin de fer ST LAZARE A ST GERMAIN VIA ST NOM LA BRETECHECe n\u2019est qu\u2019en 1884 que sera r\u00e9alis\u00e9e la ligne de Paris ST Lazare par St Cloud avec comme terminus la station de l\u2019Etang la Ville \/ Ouest, \u00e0 l\u2019emplacement actuel de la gare de\u2026","rel":"","context":"Article similaire","block_context":{"text":"Article similaire","link":""},"img":{"alt_text":"","src":"https:\/\/i0.wp.com\/amis-letanglaville.org\/wp-content\/uploads\/2019\/05\/Gare-540-1024x658.jpg?resize=350%2C200&ssl=1","width":350,"height":200,"srcset":"https:\/\/i0.wp.com\/amis-letanglaville.org\/wp-content\/uploads\/2019\/05\/Gare-540-1024x658.jpg?resize=350%2C200&ssl=1 1x, https:\/\/i0.wp.com\/amis-letanglaville.org\/wp-content\/uploads\/2019\/05\/Gare-540-1024x658.jpg?resize=525%2C300&ssl=1 1.5x, https:\/\/i0.wp.com\/amis-letanglaville.org\/wp-content\/uploads\/2019\/05\/Gare-540-1024x658.jpg?resize=700%2C400&ssl=1 2x"},"classes":[]}],"_links":{"self":[{"href":"https:\/\/amis-letanglaville.org\/index.php?rest_route=\/wp\/v2\/pages\/3376","targetHints":{"allow":["GET"]}}],"collection":[{"href":"https:\/\/amis-letanglaville.org\/index.php?rest_route=\/wp\/v2\/pages"}],"about":[{"href":"https:\/\/amis-letanglaville.org\/index.php?rest_route=\/wp\/v2\/types\/page"}],"author":[{"embeddable":true,"href":"https:\/\/amis-letanglaville.org\/index.php?rest_route=\/wp\/v2\/users\/1"}],"replies":[{"embeddable":true,"href":"https:\/\/amis-letanglaville.org\/index.php?rest_route=%2Fwp%2Fv2%2Fcomments&post=3376"}],"version-history":[{"count":3,"href":"https:\/\/amis-letanglaville.org\/index.php?rest_route=\/wp\/v2\/pages\/3376\/revisions"}],"predecessor-version":[{"id":3853,"href":"https:\/\/amis-letanglaville.org\/index.php?rest_route=\/wp\/v2\/pages\/3376\/revisions\/3853"}],"wp:attachment":[{"href":"https:\/\/amis-letanglaville.org\/index.php?rest_route=%2Fwp%2Fv2%2Fmedia&parent=3376"}],"curies":[{"name":"wp","href":"https:\/\/api.w.org\/{rel}","templated":true}]}}